{"id":104,"date":"2013-12-24T19:18:20","date_gmt":"2013-12-24T18:18:20","guid":{"rendered":"http:\/\/blog.bzvi.de\/?page_id=104"},"modified":"2013-12-24T19:18:20","modified_gmt":"2013-12-24T18:18:20","slug":"deutsche-gesetze","status":"publish","type":"page","link":"https:\/\/blog.bzvi.de\/?page_id=104","title":{"rendered":"Deutsche Gesetze"},"content":{"rendered":"<p>So, wie ein Haus nur auf stabilen Fundamenten erbaut werden kann, ist f\u00fcr jedermann, der sich auf das st\u00fcrmische Meer juristischer Auseinandersetzung begeben will oder muss, die Lekt\u00fcre der gesetzlichen Grundlagen \u00fcberlebenswichtig.<\/p>\n<p>Das immer wiederholte Lesen der Gesetzestexte, auf denen sich das Geschehen in unserem Lande gr\u00fcndet, sollte daher zum t\u00e4glichen Ablauf geh\u00f6ren, damit wir eine schlie\u00dflich intuitiv verf\u00fcgbare Kenntnis aufbauen k\u00f6nnen und damit ein Unterscheidungsverm\u00f6gen schulen, mit dem wir ergreifen k\u00f6nnen, was geschieht und wohin wir unsere Schritte lenken k\u00f6nnen.<\/p>\n<p>Die folgenden links verweisen auf die wichtigsten Quellen daf\u00fcr:<\/p>\n<p><a href=\"http:\/\/www.dejure.org\/\" target=\"_blank\">www.dejure.org<\/a><\/p>\n<p>Bundesministerium der Justiz:<\/p>\n<p><a href=\"http:\/\/www.gesetze-im-internet.de\/\" target=\"_blank\">www.gesetze-im-internet.de\/<\/a><\/p>\n<p>Kostenpflichtiges Portal f\u00fcr Anw\u00e4lte (mit Volltextrecherche von Urteilen und Beschl\u00fcssen auf allen Ebenen der Gerichtsbarkeit):<\/p>\n<p><a href=\"http:\/\/www.juris.de\" target=\"_blank\">www.juris.de<\/a><\/p>\n<p>Ansonsten kann man einfach googlen&#8230;<\/p>\n","protected":false},"excerpt":{"rendered":"<p>So, wie ein Haus nur auf stabilen Fundamenten erbaut werden kann, ist f\u00fcr jedermann, der sich auf das st\u00fcrmische Meer juristischer Auseinandersetzung begeben will oder muss, die Lekt\u00fcre der gesetzlichen Grundlagen \u00fcberlebenswichtig. Das immer wiederholte Lesen der Gesetzestexte, auf denen &hellip; <a class=\"more-link\" href=\"https:\/\/blog.bzvi.de\/?page_id=104\">weiterlesen<\/a><\/p>","protected":false},"author":1,"featured_media":0,"parent":96,"menu_order":4,"comment_status":"open","ping_status":"open","template":"","meta":{"footnotes":""},"class_list":["post-104","page","type-page","status-publish","hentry"],"_links":{"self":[{"href":"https:\/\/blog.bzvi.de\/index.php?rest_route=\/wp\/v2\/pages\/104","targetHints":{"allow":["GET"]}}],"collection":[{"href":"https:\/\/blog.bzvi.de\/index.php?rest_route=\/wp\/v2\/pages"}],"about":[{"href":"https:\/\/blog.bzvi.de\/index.php?rest_route=\/wp\/v2\/types\/page"}],"author":[{"embeddable":true,"href":"https:\/\/blog.bzvi.de\/index.php?rest_route=\/wp\/v2\/users\/1"}],"replies":[{"embeddable":true,"href":"https:\/\/blog.bzvi.de\/index.php?rest_route=%2Fwp%2Fv2%2Fcomments&post=104"}],"version-history":[{"count":1,"href":"https:\/\/blog.bzvi.de\/index.php?rest_route=\/wp\/v2\/pages\/104\/revisions"}],"predecessor-version":[{"id":105,"href":"https:\/\/blog.bzvi.de\/index.php?rest_route=\/wp\/v2\/pages\/104\/revisions\/105"}],"up":[{"embeddable":true,"href":"https:\/\/blog.bzvi.de\/index.php?rest_route=\/wp\/v2\/pages\/96"}],"wp:attachment":[{"href":"https:\/\/blog.bzvi.de\/index.php?rest_route=%2Fwp%2Fv2%2Fmedia&parent=104"}],"curies":[{"name":"wp","href":"https:\/\/api.w.org\/{rel}","templated":true}]}}