{"id":79,"date":"2013-12-24T18:19:54","date_gmt":"2013-12-24T17:19:54","guid":{"rendered":"http:\/\/blog.bzvi.de\/?page_id=79"},"modified":"2013-12-24T22:07:31","modified_gmt":"2013-12-24T21:07:31","slug":"fachliteratur-liste","status":"publish","type":"page","link":"https:\/\/blog.bzvi.de\/?page_id=79","title":{"rendered":"Fachliteratur-Liste"},"content":{"rendered":"<p>&nbsp;<\/p>\n<div>\n<ul>\n<li>Link zum <a href=\"http:\/\/rsw.beck.de\/\" target=\"_blank\">Beck-Verlag<\/a> in M\u00fcnchen, wo man fast alle wichtigen juristischen Fachb\u00fccher erh\u00e4lt.<\/li>\n<\/ul>\n<ul>\n<li>Eine Sammlung von popul\u00e4ren B\u00fcchern unter anderem auch aus dem Lager derer, die selbst von Pleite und Zwangsvollstreckung Betroffene sind oder waren, und die <strong>&#8211; mit entsprechendem Urteilsverm\u00f6gen gelesen &#8211;<\/strong> eine F\u00fclle von interessanten Hinweisen und Anregungen geben k\u00f6nnen, um die eigene Sichtweise zu erweitern.Empfehlung: Die rechtliche Relevanz der dort vorgetragenen Inhalte empfehlen wir einer sorgf\u00e4ltigen \u00dcberpr\u00fcfung zu unterziehen, allein schon damit Sie selbst genau verstehen k\u00f6nnen, was jeweils gemeint ist, und nicht etwa aus mangelnder eigenen Kenntnis voreilige und vielleicht nicht ganz zutreffende Schl\u00fcsse daraus ziehen:<\/li>\n<\/ul>\n<p><a href=\"http:\/\/www.erfolgspassage.com\/product_info.php?ref=7588&amp;products_id=346&amp;affiliate_banner_id=1&quot;\" target=\"_blank\"><img loading=\"lazy\" decoding=\"async\" class=\"alignleft  wp-image-89\" alt=\"272_0\" src=\"http:\/\/blog.bzvi.de\/wp-content\/uploads\/2013\/12\/272_0.jpg\" width=\"110\" height=\"160\" \/><\/a>\u00a0\u00a0\u00a0\u00a0 <a href=\"http:\/\/www.erfolgspassage.com\/product_info.php?ref=7588&amp;products_id=346&amp;affiliate_banner_id=1&quot;\" target=\"_blank\">Rettung in der Zwangsvollstreckung<\/a><\/p>\n<p>&nbsp;<\/p>\n<p>&nbsp;<\/p>\n<p>&nbsp;<\/p>\n<p>&nbsp;<\/p>\n<p><a href=\"http:\/\/www.erfolgspassage.com\/product_info.php?ref=7588&amp;products_id=392&amp;affiliate_banner_id=1&quot;\" target=\"_blank\"><img loading=\"lazy\" decoding=\"async\" class=\"alignleft size-full wp-image-92\" alt=\"391_0\" src=\"http:\/\/blog.bzvi.de\/wp-content\/uploads\/2013\/12\/391_0.jpg\" width=\"110\" height=\"160\" \/><\/a><a href=\"http:\/\/www.erfolgspassage.com\/product_info.php?ref=7588&amp;products_id=392&amp;affiliate_banner_id=1&quot;\" target=\"_blank\">\u00a0\u00a0\u00a0\u00a0 Verm\u00f6genssicherung durch GbR-Vertrag<\/a><\/p>\n<p>&nbsp;<\/p>\n<p>&nbsp;<\/p>\n<p>&nbsp;<\/p>\n<p>&nbsp;<\/p>\n<p><a href=\"http:\/\/www.erfolgspassage.com\/product_info.php?ref=7588&amp;products_id=318&amp;affiliate_banner_id=1&quot;\" target=\"_blank\"><img loading=\"lazy\" decoding=\"async\" class=\"alignleft  wp-image-91\" alt=\"319_0\" src=\"http:\/\/blog.bzvi.de\/wp-content\/uploads\/2013\/12\/319_0.jpg\" width=\"110\" height=\"160\" \/> <\/a><a href=\"http:\/\/www.erfolgspassage.com\/product_info.php?ref=7588&amp;products_id=318&amp;affiliate_banner_id=1&quot;\" target=\"_blank\">\u00a0 \u00a0 AntragsManager (CD-ROM)<\/a><\/p>\n<p>&nbsp;<\/p>\n<p>&nbsp;<\/p>\n<p>&nbsp;<\/p>\n<p>&nbsp;<\/p>\n<p><a href=\"http:\/\/www.erfolgspassage.com\/product_info.php?ref=7588&amp;products_id=321&amp;affiliate_banner_id=1&quot;\" target=\"_blank\"><img loading=\"lazy\" decoding=\"async\" class=\"alignleft  wp-image-90\" alt=\"284_0\" src=\"http:\/\/blog.bzvi.de\/wp-content\/uploads\/2013\/12\/284_0.jpg\" width=\"110\" height=\"160\" \/><\/a> <a href=\"http:\/\/www.erfolgspassage.com\/product_info.php?ref=7588&amp;products_id=321&amp;affiliate_banner_id=1&quot;\" target=\"_blank\">\u00a0 \u00a0 Bekannt wie ein bunter Hund im Internet<\/a><\/p>\n<p>&nbsp;<\/p>\n<p>&nbsp;<\/p>\n<p>&nbsp;<\/p>\n<p>&nbsp;<\/p>\n<p><a href=\"http:\/\/www.erfolgspassage.com\/product_info.php?ref=7588&amp;products_id=255&amp;affiliate_banner_id=1&quot;\" target=\"_blank\"><img loading=\"lazy\" decoding=\"async\" class=\"alignleft size-full wp-image-87\" alt=\"255_0\" src=\"http:\/\/blog.bzvi.de\/wp-content\/uploads\/2013\/12\/255_0.jpg\" width=\"200\" height=\"150\" \/> <\/a><a href=\"http:\/\/www.erfolgspassage.com\/product_info.php?ref=7588&amp;products_id=255&amp;affiliate_banner_id=1&quot;\" target=\"_blank\">Der SchuldenProfi (CD-ROM)<\/a><\/p>\n<p>&nbsp;<\/p>\n<p>&nbsp;<\/p>\n<p>&nbsp;<\/p>\n<p>&nbsp;<\/p>\n<p><a href=\"http:\/\/www.erfolgspassage.com\/product_info.php?ref=7588&amp;products_id=354&amp;affiliate_banner_id=1&quot;\" target=\"_blank\"><img loading=\"lazy\" decoding=\"async\" class=\"alignleft size-full wp-image-88\" alt=\"256_0\" src=\"http:\/\/blog.bzvi.de\/wp-content\/uploads\/2013\/12\/256_0.jpg\" width=\"110\" height=\"160\" \/><\/a><a href=\"http:\/\/www.erfolgspassage.com\/product_info.php?ref=7588&amp;products_id=354&amp;affiliate_banner_id=1&quot;\" target=\"_blank\">\u00a0\u00a0\u00a0\u00a0 Mach Pleite und starte durch<\/a><\/p>\n<p>&nbsp;<\/p>\n<p>&nbsp;<\/p>\n<p>&nbsp;<\/p>\n<p>&nbsp;<\/p>\n<p><a href=\"http:\/\/www.erfolgspassage.com\/product_info.php?ref=7588&amp;products_id=235&amp;affiliate_banner_id=1&quot;\" target=\"_blank\"><img loading=\"lazy\" decoding=\"async\" class=\"alignleft size-full wp-image-85\" alt=\"235_0\" src=\"http:\/\/blog.bzvi.de\/wp-content\/uploads\/2013\/12\/235_0.jpg\" width=\"110\" height=\"160\" \/><\/a><a href=\"http:\/\/www.erfolgspassage.com\/product_info.php?ref=7588&amp;products_id=235&amp;affiliate_banner_id=1&quot;\" target=\"_blank\">\u00a0\u00a0\u00a0\u00a0 Raus aus der Kreditklemme<\/a><\/p>\n<p>&nbsp;<\/p>\n<p>&nbsp;<\/p>\n<p>&nbsp;<\/p>\n<p>&nbsp;<\/p>\n<p><a href=\"http:\/\/www.erfolgspassage.com\/product_info.php?ref=7588&amp;products_id=372&amp;affiliate_banner_id=1&quot;\" target=\"_blank\"><img loading=\"lazy\" decoding=\"async\" class=\"alignleft size-full wp-image-86\" alt=\"236_0\" src=\"http:\/\/blog.bzvi.de\/wp-content\/uploads\/2013\/12\/236_0.jpg\" width=\"110\" height=\"160\" \/> <\/a><a href=\"http:\/\/www.erfolgspassage.com\/product_info.php?ref=7588&amp;products_id=372&amp;affiliate_banner_id=1&quot;\" target=\"_blank\">\u00a0 \u00a0 Reich durch Vergleich<\/a><\/p>\n<p>&nbsp;<\/p>\n<p>&nbsp;<\/p>\n<p>&nbsp;<\/p>\n<p>&nbsp;<\/p>\n<p><a href=\"http:\/\/www.erfolgspassage.com\/product_info.php?ref=7588&amp;products_id=444&amp;affiliate_banner_id=1&quot;\" target=\"_blank\"><img loading=\"lazy\" decoding=\"async\" class=\"alignleft size-full wp-image-93\" alt=\"445_0\" src=\"http:\/\/blog.bzvi.de\/wp-content\/uploads\/2013\/12\/445_0.jpg\" width=\"110\" height=\"160\" \/> \u00a0 \u00a0 Wei\u00dfe Weste durch Umzug<\/a><\/p>\n<\/div>\n","protected":false},"excerpt":{"rendered":"<p>&nbsp; Link zum Beck-Verlag in M\u00fcnchen, wo man fast alle wichtigen juristischen Fachb\u00fccher erh\u00e4lt. Eine Sammlung von popul\u00e4ren B\u00fcchern unter anderem auch aus dem Lager derer, die selbst von Pleite und Zwangsvollstreckung Betroffene sind oder waren, und die &#8211; mit &hellip; <a class=\"more-link\" href=\"https:\/\/blog.bzvi.de\/?page_id=79\">weiterlesen<\/a><\/p>","protected":false},"author":1,"featured_media":0,"parent":0,"menu_order":2,"comment_status":"open","ping_status":"closed","template":"","meta":{"footnotes":""},"class_list":["post-79","page","type-page","status-publish","hentry"],"_links":{"self":[{"href":"https:\/\/blog.bzvi.de\/index.php?rest_route=\/wp\/v2\/pages\/79","targetHints":{"allow":["GET"]}}],"collection":[{"href":"https:\/\/blog.bzvi.de\/index.php?rest_route=\/wp\/v2\/pages"}],"about":[{"href":"https:\/\/blog.bzvi.de\/index.php?rest_route=\/wp\/v2\/types\/page"}],"author":[{"embeddable":true,"href":"https:\/\/blog.bzvi.de\/index.php?rest_route=\/wp\/v2\/users\/1"}],"replies":[{"embeddable":true,"href":"https:\/\/blog.bzvi.de\/index.php?rest_route=%2Fwp%2Fv2%2Fcomments&post=79"}],"version-history":[{"count":15,"href":"https:\/\/blog.bzvi.de\/index.php?rest_route=\/wp\/v2\/pages\/79\/revisions"}],"predecessor-version":[{"id":180,"href":"https:\/\/blog.bzvi.de\/index.php?rest_route=\/wp\/v2\/pages\/79\/revisions\/180"}],"wp:attachment":[{"href":"https:\/\/blog.bzvi.de\/index.php?rest_route=%2Fwp%2Fv2%2Fmedia&parent=79"}],"curies":[{"name":"wp","href":"https:\/\/api.w.org\/{rel}","templated":true}]}}